(4) a composite number?
False
Let d(u) = 300*u**2 - 1. Let j be d(1). Let k = j - -858. Is k prime?
False
Let v(i) = -2*i + 7*i + 2 - 6*i + i**2. Let d be v(3). Let p(u) = 16*u**2 + 7*u - 3. Is p(d) prime?
False
Suppose -60*w = -59*w. Suppose 5*k - 26 = -4*g, w = -3*k - 5*g + g + 22. Suppose k*p = 431 + 71. Is p a composite number?
False
Suppose -3*l + 1414 = -1304. Suppose y + 0*y = -i + l, -4539 = -5*y + 4*i. Is y composite?
False
Let q(o) = 10*o + 6*o**2 - 7*o**2 + 5*o. Let p be q(12). Suppose -p*k + 436 = -32*k. Is k composite?
False
Is ((-186)/(-4))/((-89060)/22280 - -4) a composite number?
True
Let y(r) = -r**2 - 45*r - 162. Let c be (-8)/(1/((-21)/(-90)) + -4). Is y(c) a composite number?
True
Suppose 0 = 4*a - 25*h + 21*h - 390968, -2*a = h - 195481. Is a a prime number?
False
Is ((-167541)/(-44))/((-30)/(-440)) composite?
True
Let p(j) = -27402*j**3 - 10*j**2 - 3*j - 13. Is p(-2) prime?
True
Suppose -7*z = -6*z - 2. Suppose 1098 = -5*m - q, 5*m + 1089 = z*q - 0*q. Let i = 314 - m. Is i a prime number?
False
Let j(v) = 6*v**2 - 108*v - 29. Is j(45) a composite number?
True
Let x(b) = b**2 + 12*b + 27. Let m be x(-9). Suppose m*l - l = -71. Is l a composite number?
False
Let g(d) = -d**2 + d. Let j(n) = 7*n**2 - 16*n + 21. Let x(u) = -6*g(u) - j(u). Let h be x(6). Suppose h*q - 20872 = -5*q. Is q composite?
False
Let n(o) = 2*o**2 - 42*o + 5. Let c be n(21). Suppose 4*d + 313 = 4*q + 5301, -5*d - c*q + 6255 = 0. Is d prime?
True
Suppose -77*o + 256*o - 173150101 = 0. Is o prime?
True
Let f = -9346 + 4896. Let y = f - -2123. Let k = y + 5056. Is k a prime number?
True
Let l(d) = 115*d**2 - 179*d - 2077. Is l(-36) prime?
True
Let q = -737 - -532. Let p be (20*15)/(1/1). Let u = p + q. Is u a composite number?
True
Suppose -3166592 - 2344356 + 2204821 = -11*x. Is x prime?
True
Let q(r) = -62*r - 61. Let y(u) = -2*u + 3. Let a be y(9). Is q(a) composite?
True
Let y(f) = -3*f**2 - 30*f + 7. Let l be y(-9). Is (l/68)/((-1)/(-15434)) a composite number?
False
Let c = 4711 - 3216. Let w = -246 + c. Is w prime?
True
Suppose -7*k + 1548 = -3*k. Suppose -5*g + 2*g = -k. Suppose 0*p + 3*p = 4*r - g, -p + 34 = r. Is r a prime number?
False
Suppose 0 = -3*o - 3, -4*p - 2*o = -5*o - 27. Suppose 10*k - p*k = -l + 14730, 3*l = 2*k - 7372. Is k prime?
False
Is 35797 + 0*(-2)/20 prime?
True
Let r = -117 - 21. Let z = r - -138. Is 2 + 0 + 2 + 2175 + z a prime number?
True
Let s = 163351 - 96530. Is s prime?
True
Let z(w) = 2868*w**2 - 25*w + 43. Is z(6) composite?
False
Let o = 211 + -136. Is 10/o - (-410709)/45 a composite number?
False
Let n be -1 + ((-16)/6)/((-1)/21). Let i = 59 - n. Is 2181*(26/6 - (i - 0)) a composite number?
False
Let r(n) = n - 6. Let u = 4 - 2. Let l be r(u). Is (l + 1)*(-82 + 3) prime?
False
Suppose -4*d + 0*d + 12 = 0. Suppose -5*s - 2*p + 965 = d*p, -2*p - 766 = -4*s. Is (-4)/6 + -14*s/(-9) composite?
True
Let a = 345 + -365. Is (-3 + 2 + -1)/(a/10110) a prime number?
False
Let r = 71150 - 38389. Let d = r - 14030. Is d a composite number?
False
Suppose 0 = -5*p + 15, 33 = l + 3*p - 2*p. Suppose -2*w + 12 = -l. Suppose 24*f = w*f + 1671. Is f a prime number?
True
Suppose -2*l + 223202 = 4*q, 0 = 40*l - 36*l + 4. Is q a prime number?
False
Suppose 518209 = 4*f - l, -l = 3*f - 450742 + 62080. Is f a composite number?
False
Let a(w) = 6*w + 16. Let k(v) = v. Let i(n) = a(n) - 3*k(n). Is i(5) a composite number?
False
Let t = -109 + 105. Let v be 0*t/(-12)*-3. Suppose 3*u - 5*k - 7142 = -v*u, 2*u + 4*k = 4732. Is u composite?
True
Let o(a) = -5*a - 4 + 1 + 3*a**2 - a - 10*a**3. Let d = 20246 - 20250. Is o(d) composite?
False
Suppose -5*a - 841 + 881 = 0. Suppose -5*k = -p - 25193, 11*p + 25189 = 5*k + a*p. Is k composite?
False
Let q = -544 + 549. Suppose 4*y = 8, -2*g + g = q*y - 831. Is g a composite number?
False
Suppose x + 3*x = -2*q + 54, 0 = 5*x + 3*q - 66. Suppose 0*y + 3*y + 2*b = -9, -2*b = 5*y + x. Is (16/(-4) - y)*-479 a prime number?
True
Suppose 5*p - 178022 = 4*l + 7*p, 133515 = -3*l - 2*p. Let k = -17270 - l. Is (-2)/(-9) + k/27 a prime number?
True
Suppose 945 = 3*n - 1095. Suppose -2*f + n = 8*f. Is f - (3/12 + 5/(-4)) prime?
False
Let v(k) = k**3 + 10*k**2 - 24*k + 10. Let o be v(-12). Suppose -o = -2*t, -h + 0*h + 3*t - 15 = 0. Suppose h = -6*d + 7217 - 2111. Is d prime?
False
Suppose 5*t = -154 + 124. Let z(c) = 24*c**2 + 6*c + 15. Is z(t) composite?
True
Let l be 3*8/(40/(-15)). Let h be 14885 + 16/9 + (-2)/l. Suppose 16*z - 7369 - h = 0. Is z a prime number?
False
Suppose 0 = -190*w + 195*w - 546365. Is w a composite number?
True
Let b(d) = -d**3 - 5*d**2 - 7*d - 8. Let w be b(-4). Suppose -5*f + 16799 = 4*y, w*y - 8406 = 2*y + 4*f. Is y prime?
True
Let m be ((-4)/20)/((-2)/20). Suppose -m*r - 3*n + 17870 = 0, 5*r - 9498 = 4*n + 35223. Is r composite?
False
Let b be 2 + 0 - 15363/(-27). Suppose 2*f + 2094 = 4*f. Suppose 4*i - w - 1201 - f = 0, 2*w - b = -i. Is i a prime number?
True
Suppose 16894117 = 1068*c - 1025*c + 4176738. Is c a composite number?
True
Suppose -2*y + 7*y - 8 = -4*t, -2*t + y = -4. Suppose 6679 + 1431 = t*r. Let p = r - 2398. Is p a composite number?
False
Suppose -12 = 4*u - 3*u + 5*j, 0 = 5*u - 2*j - 21. Is 2/36*u + (-263436)/(-72) a composite number?
False
Suppose -16870 = -4*r + 2*f + 770, 2*r + 4*f - 8810 = 0. Suppose 0 = 6*n - 7*n + r. Is n a composite number?
False
Let y(p) = -p**2 + 2*p + 14. Suppose 5*m + 5*g - 15 = 0, 3*m - 5*g + 10*g = 5. Let n be y(m). Let w(u) = -1042*u**3 + 3*u**2 + 2*u. Is w(n) prime?
False
Let q(j) = -27*j + 128. Suppose -4*v + 3*g - 56 = 0, 5*v + 137 = -4*g + 36. Is q(v) prime?
True
Suppose -117*p + 3*c - 346553 = -122*p, p - 2*c = 69321. Is p a prime number?
True
Let b be (5 + (-20)/(-5) + -8)*0. Suppose 4*h + y - 8380 = 5*y, b = 4*h + 2*y - 8404. Is h a prime number?
True
Let q = -324 + 339. Suppose 3*m = q*m - 81228. Is m prime?
False
Let h(n) = 112*n**3 + 3*n**2 - 3*n. Let m be h(1). Suppose 128*t - 142192 = m*t. Is t a composite number?
False
Let s be 12/27 - (6 - 173612/36). Let n = -2830 + s. Is n prime?
True
Let j = 122113 + -46224. Is j a prime number?
False
Let n(v) = -4*v**2 - 14*v - v + 3*v**3 + 2*v - 2*v**3. Let r be n(18). Suppose -3*z - 2*c + r = 2*c, 7187 = 5*z + c. Is z composite?
True
Let i = 191573 + 415120. Is i composite?
True
Suppose 2*h - i - 8 = -5*i, -4*h = -2*i - 16. Let j = 52 + -50. Suppose 3*f - 2*f = j*q + 679, -h*q - 12 = 0. Is f prime?
True
Is 8454 - 6*(-176)/96 a prime number?
False
Suppose -q - 2*d + 1 + 13 = 0, 0 = -q + 5*d - 7. Suppose 5*b + 327 = q*b. Is -2 + 5 + 1 - b*-1 prime?
True
Suppose -2*a = -3*c + 890519, -54*c - 5*a - 1187347 = -58*c. Is c a prime number?
True
Let x(a) = 32*a + 34. Let h be x(12). Let l = h + 6103. Is l a prime number?
True
Let x(u) = 9 + 86*u**2 + 6*u + 3 - 9. Is x(-4) a composite number?
True
Let y(a) = -172*a**2 + 178*a**2 - 3 - 6 - 3*a. Let w be y(-15). Suppose 2*o - 5454 = -4*i, -i - 5*o = -0*o - w. Is i composite?
False
Suppose -4*d = -g - 4*g + 16, 20 = -5*g. Let s be 6/4 + d/6 + 246. Let y = s + -104. Is y a prime number?
False
Is (3/(-9))/((-11496728)/(-14370960) - 12/15) a composite number?
True
Let b = -30 + 36. Let u be 16 + (0 - b)/(-3). Is (1448 + u)/((-4)/(-14)) prime?
False
Suppose -d + s + 180 = 0, 4*d + 3*s = 6*s + 724. Let z be ((-12)/(-21))/((-4)/(-14)). Suppose z*f - 102 = d. Is f prime?
False
Let n = 4651 + -9120. Is (-18)/72 + n/(-4) composite?
False
Let m(o) = 64994*o - 1201. Is m(2) composite?
True
Suppose -4*z - 2435277 = -5*f, -5*f - 3*z = -816401 - 1618820. Is f a composite number?
False
Let q(o) = 155*o**2 - 5*o - 57. Is q(-13) a prime number?
True
Let q(s) = 849*s + 2156. Is q(87) a composite number?
True
Let k(w) = 6*w**2 - 9 + 11*w**2 + 12 + w. Let b be k(-6). Suppose g = 542 + b. Is g a prime number?
True
Let b = 334554 + -171247. Is b composite?
False
Let u = 2335 + -1472. Let w = -264 - -504. Let f = u - w. Is f a composite number?
True
Let v be (60/21)/(2 + 9884/(-4949)). Let u = v - 423. Is u a prime number?
True
Let v = -101076 + 143805. Is v a composite number?
True
Let h = 5313 + -2880. Is h composite?
True
Let f = 101705 + -36526. Is f prime?
True
Suppose -2*m + 2*a + 526808 = 0, 4*a + 183179 = 2*m - 343639. Is m a prime number?
True
Let v(u) = -37